/((-2)/(-4))). Suppose 7*i - 10*i + 18 = a. Let j(s) = s**2 - 7*s + 2. What is j(i)?
-4
Let v(h) = h**2. Let y(m) = -4*m**2 - m + 1. Let o(b) = 3*v(b) + y(b). What is o(0)?
1
Let l(o) = -o + 21. Let y(d) = -d**3 + 10*d**2 + 4*d - 26. Let k be y(8). Let p = k - 125. What is l(p)?
12
Let p be (8/(-5) + (-12)/30)*3. Let t(y) = 2*y + 14. What is t(p)?
2
Let x(p) = -16*p + 3. Let k(o) = 36*o - 7. Let f(g) = -6*k(g) - 13*x(g). Calculate f(5).
-37
Let y = -2459/20 - -123. Let v(b) be the second derivative of 0*b**2 + 13*b + 0 + 1/6*b**3 + 1/12*b**4 + y*b**5. Calculate v(-1).
-1
Let v(a) be the third derivative of a**6/120 + a**5/60 - a**3/6 + 12*a**2 - 5. What is v(1)?
1
Suppose 3 = -24*d + 25*d. Suppose -3*h + d = 2*h - 4*a, 5*h = -a - 7. Let i(u) be the first derivative of u**2/2 - 1. What is i(h)?
-1
Suppose -i = -2*i + 5*r + 17, 2*r = 3*i - 25. Let t(j) = -i*j + j - 5 - 4 + 4*j. Calculate t(-6).
3
Suppose 16*o = 8*o - 104. Let i(l) = -l**2 - 13*l - 2. Determine i(o).
-2
Suppose -23*v + 16*v - 21 = 0. Let t(m) = -6*m - 3. Calculate t(v).
15
Let o(f) = -31*f**2 + 0 + 2 + 67*f**2 - 37*f**2 + 9*f. Determine o(8).
10
Let i(v) = v**2 + 279 - 284 - 2*v**2 + 9*v. What is i(6)?
13
Let x(v) = -v**3 - 4*v**2 - 1. Let u be (-3 - (-6 - -4))/((-2)/16). Suppose 0*w = 2*w + u. Calculate x(w).
-1
Let q(b) be the first derivative of b**2/2 - 3*b - 8. Let c(l) = -l**3 + 8*l**2 - 6*l - 10. Let x be c(7). Calculate q(x).
-6
Let t(h) = h + 1. Let d(p) = p. Let v(i) = -d(i) + 2*t(i). Suppose -2*x - 2*m + 7*m = -21, 4*x - 5*m = 27. Suppose -3*a = 4*k + 21 - 0, x*k = -9. What is v(a)?
-1
Suppose 3*x = 62 + 22. Let g be x/(-12) + (-1)/(-3). Let b(j) = -j**3 - 2*j**2 - j + 2. What is b(g)?
4
Let p(f) = -f**2 + 12*f + 6. Let r = 1946 + -1939. Give p(r).
41
Let u = 4 + -9. Let q(a) = -a - 6. Let b(g) be the first derivative of 5*g**2/2 + 31*g - 18. Let c(z) = -2*b(z) - 11*q(z). Determine c(u).
-1
Suppose -w - 23 = -5. Let o = -15 - w. Let y(t) = -1 - t + o*t + 9 - t**2 + 3*t. Calculate y(6).
2
Let o = -287 - -288. Let l(x) be the first derivative of 3/2*x**2 + 0*x - o. What is l(1)?
3
Suppose 19 - 1 = 3*q + 2*z, 2*q + 2*z = 12. Let c be q - (0 - (-8)/4). Let i(g) = -g**2 + 3*g - 2. Calculate i(c).
-6
Let y(c) = -c**3 + 20*c**2 + c - 19. Let i be ((-3)/3 - 1)/(1/(-10)). Calculate y(i).
1
Let x(o) = -16*o**3 - 53*o**2 - 80*o - 60. Let m(w) = -3*w**3 - 11*w**2 - 16*w - 12. Let k(u) = 11*m(u) - 2*x(u). Give k(-14).
16
Suppose 798 = -94*b + 140. Let t(x) = x**3 + 8*x**2 + 5*x + 2. What is t(b)?
16
Let m be ((-3)/3 - 5)/(15/20). Let p(h) = -h**3 - 8*h**2 - h - 9. Determine p(m).
-1
Suppose 4*f + 5*y - 7*y = -36, 0 = 3*f + 4*y + 38. Let l(x) = x**2 + 9*x - 15. What is l(f)?
-5
Let d(z) be the third derivative of z**4/12 + 8*z**3/3 - 2*z**2. Let p be d(-7). Let w(v) = v**2 + 4*v**p - 4*v**2 - 2 + v. What is w(-3)?
4
Let i(w) = -3 - w - 7 + 21 - 5. Calculate i(12).
-6
Let x(f) be the third derivative of 1/20*f**5 + 0*f + 1/4*f**4 + 0 - 1/120*f**6 - 18*f**2 + 7/6*f**3. Let y be 2 + (3 + -1 - -1). Give x(y).
-13
Let j be (6/7)/(4/14). Let g(c) = -3*c - 4*c**2 + 0*c**3 + 0*c**j - 3*c**3 - 6 + 2*c**3. Determine g(-4).
6
Let t(z) = z**3 - 2*z - 6. Suppose -13*v + 16*v + 14*v = 0. Give t(v).
-6
Let u(c) = c**3 + 7*c**2 - c - 2. Let g be u(-7). Let h(r) be the second derivative of -3*r + 0 + 2*r**2 + 1/3*r**3. Calculate h(g).
14
Let j(h) = 14*h - 6. Let b be j(-2). Let z = -36 - b. Let a(c) = 5*c + 2. Let i(m) = m - 1. Let u(y) = -a(y) + i(y). Determine u(z).
5
Let w(j) = 7*j + 2. Let a be w(1). Let s(o) = o**3 + 9*o**2 - 10*o + 13. Let v(n) = 2*n**3 - n**2 - n. Let u(p) = -s(p) + v(p). Determine u(a).
-13
Let v(s) = -17*s. Suppose -61*q + 63*q = 10. Suppose 4*c + 5*k = 4, -q*c + 3*c - 5*k = -2. Calculate v(c).
-17
Let f(o) = 7*o - 1. Let x = 536 + -533. Calculate f(x).
20
Suppose -5*y = 2*o - 38, -2*y + 4*y = -5*o + 32. Let p(j) = j**2 - 4*j - 15. Calculate p(y).
-3
Let r(y) = -y**3 - 2*y**2 + y + 5. Let k(q) = -q**3 - 6*q**2 + 11*q + 63. Let p be k(-6). Calculate r(p).
11
Let a(v) be the second derivative of v**4/3 - v**3/3 + v**2/2 - 3*v + 43. Determine a(2).
13
Let l(i) be the first derivative of -i**4/2 + i**3/3 + i**2/2 + i - 1. Let a be (6 + -5)*(0 - -1). Let r be (-3)/a*(-6)/9. Calculate l(r).
-9
Let r be (0 - -10)*(-3)/(-30)*5. Let x(f) be the second derivative of f**5/20 - f**4/4 - 7*f**3/6 - f. What is x(r)?
15
Let z = 99 - 96. Let s = -8 - -11. Let n(c) = 4*c**2 + 2*c + 1 + 2*c**2 + c**s + z + 2*c. Give n(-5).
9
Let z(l) = 4*l**2 + 2*l. Let u(m) = m**2 - 15*m + 12. Let x be u(14). Let b be z(x). Let f = b - 18. Let k(q) = -q**2 - 7*q - 3. Give k(f).
3
Let s(u) = 36*u**2 - u + 2. Let r(n) = -n**3 + 17*n**2 - 27*n - 44. Let f be r(15). Calculate s(f).
37
Let x(f) be the first derivative of -f**5/60 - f**4/8 + 3*f**3 + 2*f + 45. Let z(t) be the third derivative of x(t). Determine z(-6).
9
Let j(i) = i**3 - i**2 - i - 7. Let a(b) = -b**3 + 7*b**2 - 6*b + 2. Let l be a(6). Suppose l*f = -f. Calculate j(f).
-7
Let l(j) = j - 24. Suppose -276*b = -273*b - 45. Give l(b).
-9
Let v = -1252 + 1257. Let l(p) = p**2 - 8*p + 3. Let m(r) = r**2 - 8*r + 3. Let s(n) = -2*l(n) + 3*m(n). Give s(v).
-12
Let t(c) = -c - 7. Let u(h) = -h**3 + h**2 - h + 1. Let x(k) = -k**3 + 3*k**2 + 5*k - 4. Let n be x(4). Let l be u(n). Let r be 0/((l - 6) + 4). Give t(r).
-7
Let b(n) = n - 6. Let f be b(12). Suppose 10 = f*x - 4*x. Suppose 0 = -4*c + 19 + x. Let t(q) = q**3 - 6*q**2 + 3. What is t(c)?
3
Let s be 102/(-24) + ((-1)/(-4) - 0). Let z(w) = w + 3. What is z(s)?
-1
Suppose j + 2*x + 10 = 0, -5*j + 6 + 9 = -3*x. Let y(o) = -o**2 + o + 13. Determine y(j).
13
Suppose -21*m - 10 = -26*m. Let v(s) = 10 - 6*s**2 - m*s**2 + 7*s**2 + s. Determine v(0).
10
Let p(w) be the first derivative of 1/4*w**4 - 60 - w**3 - 1/2*w**2 + 2*w. What is p(-2)?
-16
Let s(u) = 7 - 1 + 0*u - 2*u - 2. Calculate s(2).
0
Suppose 10*g - 13*g + 4*n = 8, -3*g = n - 2. Let p(z) = z**3 + z**2 + 8. What is p(g)?
8
Let k(c) = c**2 - 3*c - 2. Let l(h) = 7*h - 3. Let u be l(1). Suppose -b = -z + u*z + 23, 65 = -5*b - 5*z. Let o be b/6 - (-65)/15. Calculate k(o).
-2
Let c = 1 - -1. Let m(o) = -2*o**2 + o**2 - o**c + 1 + 18*o**3 - 12*o**3. Let q be ((-3)/(-3))/(2/(-2)). Determine m(q).
-7
Let v(k) = -3*k - 4. Let g be v(-6). Let s = 17 - g. Suppose d - 2 = 3*x + 16, s*x - 2*d + 21 = 0. Let h(b) = b**3 + 5*b**2 + 2*b + 6. Determine h(x).
-4
Let q(n) = -n**2 - 6*n - 2. Let y(r) = r**3 - 8*r**2 + 11*r + 2. Let h be y(6). Give q(h).
6
Suppose -3*b + 58 = 25. Let x(p) = -p**3 + 10*p**2 + 12*p - 1. Give x(b).
10
Let m(o) be the second derivative of o**3/3 + 33*o**2/2 + 112*o + 2. Determine m(-18).
-3
Let i(o) = 2*o + 1. Let h be i(2). Let n(b) = -b**2 - h - 4 - 3*b**3 - 4*b**3 + 10. Suppose -4*m + 8*m - 4 = 0. Determine n(m).
-7
Let v = 20 + -11. Let t(j) = -v*j - 6*j + 4*j - 2 + 1. Let r be -3 + 2 - (-4)/2. Determine t(r).
-12
Let r(g) be the second derivative of 3*g**2 - 51*g - 1/2*g**4 + 0 + 1/20*g**5 - 1/3*g**3. Calculate r(6).
-6
Let u = -12 - -6. Let b be (u/(-4))/(4/(-8)). Let y(c) = -5*c**3 - 3*c**2 - 3*c + 4. Let s(m) = 2*m**3 + m**2 + m - 2. Let x(d) = b*y(d) - 7*s(d). Give x(-3).
-13
Let k(q) = -3*q - 4. Let t = 132 + -138. Give k(t).
14
Let b(f) = -11*f**3 - 9*f**2 - 11*f - 5. Let p(i) = -5*i**3 - 4*i**2 - 5*i - 2. Let q(o) = 4*b(o) - 9*p(o). Determine q(0).
-2
Let w(b) = 9*b - 1. Let s(n) = -n**2 + 17*n - 29. Let j be s(15). Suppose 3*d = l + 4*l - j, -4*d = -l + 7. Calculate w(l).
-10
Let t = -156 + 151. Let o = -4 + 7. Let m(r) = 10*r - 4*r**2 - 4*r**3 + 3*r**o - 4*r. What is m(t)?
-5
Suppose 2*g = -4, -2*v + 5*g = 3*v - 160. Let n be 23/69*8*(-30)/(-4). Let u(f) = 1 - n*f - 11*f + v*f. Determine u(-4).
5
Let t(v) = 5*v**2 - 6*v - 8. Let m(q) = -6*q**2 + 5*q + 8. Let l(r) = 6*m(r) + 7*t(r). Let y be l(-10). Let k(j) = j**2 - 12*j - 2. Calculate k(y).
-2
Let r(z) = -z**3 + 4*z**2 + 6*z + 6. Let c(x) = 2*x**3 - 9*x**2 - 13*x - 13. Let n(a) = 2*c(a) + 5*r(a). Give n(4).
-12
Let h = 8 + -1. Let v(i) be the first derivative of -i**3/3 + 6*i**2 - 2*i + 17. Let l(r) = -r**2 + 13*r - 1. Let d(z) = -5*l(z) + 6*v(z). Determine d(h).
-7
Let f(w) be the third derivative of w**5/30 - 7*w**4/24 - 5*w**3/6 + 48*w**2. Calculate f(4).
-1
Let n(d) =